4569979 is divided by 96.
91
Calculate the remainder when 43757 is divided by 8.
5
What is the remainder when 96740 is divided by 258?
248
What is the remainder when 14589 is divided by 7109?
371
Calculate the remainder when 496 is divided by 251.
245
What is the remainder when 8823 is divided by 2593?
1044
Calculate the remainder when 162704 is divided by 743.
730
Calculate the remainder when 5985 is divided by 517.
298
What is the remainder when 2707 is divided by 40?
27
Calculate the remainder when 267 is divided by 49.
22
Calculate the remainder when 1723 is divided by 4.
3
What is the remainder when 11733 is divided by 30?
3
Calculate the remainder when 9534 is divided by 257.
25
What is the remainder when 2292 is divided by 569?
16
What is the remainder when 15464 is divided by 2?
0
What is the remainder when 3982 is divided by 129?
112
What is the remainder when 9018 is divided by 45?
18
What is the remainder when 32194 is divided by 10?
4
Calculate the remainder when 26590 is divided by 13290.
10
Calculate the remainder when 43017 is divided by 285.
267
What is the remainder when 949413 is divided by 13?
10
Calculate the remainder when 4948 is divided by 130.
8
What is the remainder when 47726 is divided by 157?
155
Calculate the remainder when 5636 is divided by 376.
372
What is the remainder when 2636 is divided by 190?
166
What is the remainder when 7346 is divided by 2442?
20
What is the remainder when 22078 is divided by 266?
0
Calculate the remainder when 43638 is divided by 10871.
154
What is the remainder when 34098 is divided by 17041?
16
Calculate the remainder when 1991 is divided by 12.
11
What is the remainder when 22637 is divided by 866?
121
What is the remainder when 1031 is divided by 174?
161
What is the remainder when 13480 is divided by 567?
439
What is the remainder when 281945 is divided by 195?
170
Calculate the remainder when 5841 is divided by 182.
17
Calculate the remainder when 41679 is divided by 852.
783
What is the remainder when 149169 is divided by 56?
41
Calculate the remainder when 2704 is divided by 31.
7
Calculate the remainder when 2204 is divided by 270.
44
What is the remainder when 3919 is divided by 245?
244
Calculate the remainder when 2711565 is divided by 16.
13
What is the remainder when 621374 is divided by 14?
12
Calculate the remainder when 10400 is divided by 934.
126
What is the remainder when 3354636 is divided by 1679?
1673
Calculate the remainder when 10426 is divided by 124.
10
Calculate the remainder when 97860 is divided by 167.
165
Calculate the remainder when 2338206 is divided by 103.
3
What is the remainder when 1005 is divided by 48?
45
What is the remainder when 174326 is divided by 154?
152
Calculate the remainder when 6987 is divided by 21.
15
Calculate the remainder when 4044 is divided by 23.
19
Calculate the remainder when 5142 is divided by 1620.
282
Calculate the remainder when 20657 is divided by 1289.
33
Calculate the remainder when 23326 is divided by 96.
94
What is the remainder when 1180 is divided by 92?
76
Calculate the remainder when 16610 is divided by 765.
545
What is the remainder when 6519 is divided by 46?
33
Calculate the remainder when 31263 is divided by 5209.
9
Calculate the remainder when 237899 is divided by 75.
74
Calculate the remainder when 217 is divided by 29.
14
What is the remainder when 8466 is divided by 82?
20
Calculate the remainder when 2690969 is divided by 190.
189
What is the remainder when 272780 is divided by 19483?
18
What is the remainder when 64976 is divided by 330?
296
What is the remainder when 8984 is divided by 264?
8
What is the remainder when 71531 is divided by 71512?
19
What is the remainder when 1570 is divided by 513?
31
What is the remainder when 47597 is divided by 3172?
17
What is the remainder when 84622 is divided by 3?
1
What is the remainder when 5777 is divided by 24?
17
Calculate the remainder when 6675 is divided by 6673.
2
Calculate the remainder when 2821 is divided by 215.
26
Calculate the remainder when 40081 is divided by 226.
79
What is the remainder when 22561 is divided by 10?
1
What is the remainder when 40164 is divided by 94?
26
Calculate the remainder when 872 is divided by 103.
48
Calculate the remainder when 2367391 is divided by 1427.
1425
What is the remainder when 101891 is divided by 560?
531
Calculate the remainder when 3817 is divided by 79.
25
Calculate the remainder when 65703 is divided by 280.
183
Calculate the remainder when 1030 is divided by 378.
274
What is the remainder when 3297 is divided by 152?
105
Calculate the remainder when 1298 is divided by 442.
414
Calculate the remainder when 1450 is divided by 175.
50
Calculate the remainder when 14540 is divided by 44.
20
Calculate the remainder when 47943 is divided by 64.
7
Calculate the remainder when 33192 is divided by 2365.
82
What is the remainder when 2032 is divided by 127?
0
Calculate the remainder when 2033 is divided by 249.
41
Calculate the remainder when 73016 is divided by 55.
31
Calculate the remainder when 4725 is divided by 2331.
63
What is the remainder when 698 is divided by 308?
82
What is the remainder when 3144 is divided by 157?
4
Calculate the remainder when 137135 is divided by 401.
394
What is the remainder when 4147148 is divided by 170?
168
Calculate the remainder when 957 is divided by 56.
5
What is the remainder when 5569 is divided by 150?
19
What is the remainder when 2395564 is divided by 37?
36
What is the remainder when 4809 is divided by 314?
99
What is the remainder when 578598 is divided by 3963?
0
Calculate the remainder when 19754 is divided by 227.
5
Calculate the remainder when 13835 is divided by 6896.
43
Calculate the remainder when 15407 is divided by 7680.
47
Calculate the remainder when 24475 is divided by 306.
301
Calculate the remainder when 5740 is divided by 5283.
457
What is the remainder when 18533 is divided by 529?
18
What is the remainder when 49413 is divided by 914?
57
What is the remainder when 20269 is divided by 278?
253
Calculate the remainder when 19532 is divided by 44.
40
Calculate the remainder when 278 is divided by 32.
22
What is the remainder when 83376 is divided by 2204?
1828
Calculate the remainder when 158894 is divided by 78.
8
What is the remainder when 288207 is divided by 34?
23
What is the remainder when 33404 is divided by 1772?
1508
Calculate the remainder when 506035 is divided by 292.
291
Calculate the remainder when 7327 is divided by 111.
1
Calculate the remainder when 5472 is divided by 340.
32
What is the remainder when 19715 is divided by 17?
12
What is the remainder when 45031 is divided by 11257?
3
Calculate the remainder when 47126 is divided by 47122.
4
What is the remainder when 2596 is divided by 1293?
10
What is the remainder when 5852 is divided by 208?
28
What is the remainder when 138108 is divided by 32?
28
What is the remainder when 29488 is divided by 1286?
1196
Calculate the remainder when 243944 is divided by 87.
83
What is the remainder when 6976 is divided by 6924?
52
Calculate the remainder when 214106 is divided by 366.
362
What is the remainder when 41293 is divided by 178?
175
What is the remainder when 251417 is divided by 99?
56
Calculate the remainder when 8094 is divided by 67.
54
Calculate the remainder when 520701 is divided by 117.
51
Calculate the remainder when 2727 is divided by 72.
63
Calculate the remainder when 224 is divided by 67.
23
Calculate the remainder when 6825 is divided by 23.
17
Calculate the remainder when 32536 is divided by 58.
56
What is the remainder when 2692 is divided by 628?
180
What is the remainder when 211503 is divided by 836?
831
Calculate the remainder when 2856 is divided by 70.
56
What is the remainder when 145008 is divided by 170?
168
Calculate the remainder when 106512 is divided by 171.
150
Calculate the remainder when 146071 is divided by 564.
559
What is the remainder when 54555 is divided by 134?
17
Calculate the remainder when 66393 is divided by 132.
129
Calculate the remainder when 160316 is divided by 1955.
6
Calculate the remainder when 217550 is divided by 303.
299
What is the remainder when 112911 is divided by 18?
15
Calculate the remainder when 16225 is divided by 15